 51*s - 46. Calculate t(4).
-74
Let x(u) = -4*u**3 + 76*u**2 - 132*u - 160. Determine x(17).
-92
Let w(i) = -298*i + 3605. Give w(12).
29
Let a(o) = -341*o**2 + 844*o - 1688. Give a(2).
-1364
Let k(u) = u**3 - 21*u**2 + 54*u - 3816. Determine k(27).
2016
Let c(b) = -13*b**2 + 494*b - 3016. What is c(6)?
-520
Let s(r) = 166*r - 10836. Determine s(66).
120
Let d(n) = 4*n**2 - 1085*n - 31043. Give d(297).
-452
Let h(o) = -8*o**2 + 531*o + 2670. Calculate h(-5).
-185
Let n(q) = 4*q**3 - 4431*q**2 - 5555*q + 11093. Give n(1109).
3
Let q(h) = -h**2 - 59*h + 3046. Give q(33).
10
Let y(n) = 37*n**2 - 11238*n + 2. Determine y(0).
2
Let k(x) = -x**3 - 46*x**2 - 476*x + 60. Calculate k(-30).
-60
Let s(g) = -g**3 - 36*g**2 + 1283*g + 51. What is s(-58)?
-355
Let g(i) = -2151*i + 26382. What is g(12)?
570
Let m(l) = -l**3 + l**2 + 38*l - 44. Determine m(0).
-44
Let h(s) = -173*s - 24469. What is h(-144)?
443
Let k(w) = -14*w**2 - 703*w + 14. Calculate k(-52).
-1286
Let l(x) = 87*x + 4044. Give l(-51).
-393
Let p(x) = x**3 + 194*x**2 - 1592*x - 78406. Give p(-200).
-6
Let d(q) = -3*q - 1298. Determine d(-17).
-1247
Let m(n) = 22885*n + 68428. Determine m(-3).
-227
Let j(b) = 1177*b - 43567. Calculate j(37).
-18
Let p(z) = -5*z**3 + 2045*z**2 + 301*z - 123118. What is p(409)?
-9
Let o(w) = -237*w - 40124. Give o(-169).
-71
Let s(m) = -m**2 + 1500*m + 507021. Determine s(-284).
365
Let x(z) = z**2 + 244*z + 7141. Calculate x(-210).
1
Let d(q) = q**2 - 3308*q - 56530. Calculate d(-17).
-5
Let f(p) = 3*p**3 - 973*p**2 + 25693*p - 27. What is f(29)?
-56
Let b(m) = -146*m + 26146. What is b(191)?
-1740
Let j(r) = -169278*r + 1523539. Give j(9).
37
Let y(v) = -3*v**2 - 184*v - 587. Give y(-56).
309
Let p(q) = -176*q + 1632. Determine p(7).
400
Let k(q) = -2645*q - 44955. Give k(-17).
10
Let m(v) = -v**2 - 1955*v + 15882. Determine m(8).
178
Let k(w) = -w**2 + 798*w - 143811. Determine k(275).
14
Let a(g) = -2364*g - 46467. What is a(-20)?
813
Let n(z) = 2*z**3 - 26*z**2 - 98*z + 6. Calculate n(-3).
12
Let w(a) = 7*a**3 + 202*a**2 - 21*a + 266. Calculate w(-29).
34
Let f(s) = 3*s**3 - 635*s**2 + 393*s + 2420. What is f(211)?
-3699
Let x(n) = -n**3 + 23*n**2 + 117*n + 1643. Give x(29).
-10
Let c(u) = -116*u**2 + 393*u + 929. What is c(5)?
-6
Let u(n) = 3*n**3 - 204*n**2 + 49*n - 124. Calculate u(68).
3208
Let c(n) = -2*n**3 + 248*n**2 + 14*n - 1709. Give c(124).
27
Let w(g) = 180522*g - 16788549. Calculate w(93).
-3
Let t(r) = 1509263*r - 16601896. Calculate t(11).
-3
Let k(g) = g**3 - 33*g**2 + 8*g - 968. Calculate k(34).
460
Let z(g) = -273*g**2 - 16789*g + 8512. What is z(-62)?
18
Let y(h) = -4909*h + 422272. Calculate y(86).
98
Let k(o) = -6*o**2 - 725*o + 70970. Determine k(64).
-6
Let w(v) = -v**2 + 684*v - 59105. Give w(102).
259
Let r(b) = -b**2 + 1277*b + 353570. Determine r(-234).
-4
Let y(i) = -49*i**2 + 629*i - 1394. Calculate y(10).
-4
Let z(g) = -76606*g + 7660599. What is z(100)?
-1
Let d(w) = 84*w - 9685. Give d(137).
1823
Let w(j) = -j**2 - 14930*j - 3091216. Calculate w(-210).
-16
Let c(r) = -183*r + 56549. Give c(309).
2
Let i(m) = -8244*m - 1170640. Calculate i(-142).
8
Let l(m) = -2709*m - 94716. Calculate l(-35).
99
Let x(w) = 3*w**2 - 689*w - 35488. Give x(273).
2
Let a(y) = 36680*y + 953675. Determine a(-26).
-5
Let u(h) = -12516*h - 1602042. Determine u(-128).
6
Let v(x) = 43*x**3 + 385*x**2 - 1205*x - 10675. What is v(-9)?
8
Let f(y) = 351*y + 8896. Give f(-27).
-581
Let u(k) = 182*k + 10089. Give u(-56).
-103
Let s(g) = 782*g - 61338. Determine s(73).
-4252
Let k(v) = 68*v + 14540. Determine k(-211).
192
Let z(y) = 3*y**2 - 7*y + 65. What is z(-12)?
581
Let v(a) = -704*a - 914. Calculate v(-1).
-210
Let t(x) = -2*x**3 + 110*x**2 + 237*x - 500. Determine t(57).
13
Let t(o) = 6*o**3 - 113*o**2 + 12*o - 285. Calculate t(19).
304
Let x(h) = -7*h**2 - 347*h - 3085. Give x(-9).
-529
Let v(r) = -9*r**2 - 65*r - 177. Determine v(-7).
-163
Let r(x) = -4*x**3 + 347*x**2 + 78*x + 719. Give r(87).
-64
Let f(q) = 2*q**3 - 29*q**2 + 44*q + 1. What is f(13)?
66
Let p(n) = 108*n**3 - 865*n**2 + 12*n - 30. Determine p(8).
2
Let m(t) = t**3 + 6*t**2 - 155*t - 136. Give m(-15).
164
Let s(j) = -10*j**3 - 199*j**2 + 4*j - 335. What is s(-20)?
-15
Let h(n) = 2*n**2 - 847*n + 65781. Determine h(321).
-24
Let g(l) = 49*l - 879. Give g(24).
297
Let o(x) = 46742*x - 2570841. Determine o(55).
-31
Let d(j) = j**3 - 60*j**2 - 3062*j - 222. Calculate d(93).
429
Let b(f) = -1596*f + 60555. What is b(38)?
-93
Let v(i) = -58540*i + 3980654. Determine v(68).
-66
Let v(y) = 703*y + 227069. What is v(-323)?
0
Let l(m) = 3969*m**2 + 130*m + 39. What is l(-1)?
3878
Let f(c) = -c**3 - 36*c**2 + 200*c - 26. Calculate f(-40).
-1626
Let s(o) = 3488*o + 523198. What is s(-150)?
-2
Let w(x) = x**2 + 484*x + 14062. Give w(-31).
19
Let j(v) = 10*v**2 - 5310*v + 218688. Calculate j(45).
-12
Let w(u) = 4*u**2 + 465*u - 8627. Determine w(-129).
-2048
Let y(t) = t**3 - t**2 + 1518*t + 9369. Give y(-6).
9
Let x(w) = -4*w**2 + 3020*w - 32724. Give x(11).
12
Let f(v) = -1324*v - 554. Determine f(-1).
770
Let y(s) = -s**3 + 18*s**2 + 98*s + 14. Give y(-6).
290
Let x(k) = -k**3 - 15*k**2 + 128*k - 133. Calculate x(5).
7
Let h(q) = 16*q**2 + 4990*q - 31182. Give h(-318).
-18
Let v(y) = 3*y**2 - 651*y + 22347. Give v(40).
1107
Let u(y) = -501*y - 85674. Give u(-171).
-3
Let a(c) = c**3 - 5*c**2 - 457*c + 55. Determine a(24).
31
Let a(k) = 32*k**2 - 329*k + 810. What is a(4)?
6
Let s(c) = 173*c - 2561. Calculate s(11).
-658
Let s(d) = 141*d**2 - 3554*d + 170. Give s(25).
-555
Let b(f) = 301*f - 18977. Determine b(63).
-14
Let f(p) = 164023*p - 163990. Give f(1).
33
Let c(j) = 884*j**2 + 7039*j - 274. What is c(-8)?
-10
Let y(p) = -p**2 + 5233*p - 498172. Give y(97).
20
Let j(n) = -n**3 + 297*n**2 - 175*n + 51973. Give j(297).
-2
Let l(x) = -21696*x + 44588. Determine l(2).
1196
Let y(t) = 20*t**3 - 478*t**2 - 550*t + 6. Give y(25).
6
Let k(g) = 14679*g - 557787. Give k(38).
15
Let z(n) = -n**2 + 1474*n + 7428. What is z(-5)?
33
Let a(r) = 388*r - 6230. Determine a(16).
-22
Let z(u) = 31*u**3 + 95*u**2 + 429*u + 1274. Calculate z(-3).
5
Let d(b) = -b**3 + 82*b**2 + 48*b - 3924. Calculate d(82).
12
Let m(d) = 30*d**2 - 357*d + 778. What is m(9)?
-5
Let v(p) = -54*p - 4568. Determine v(-40).
-2408
Let w(q) = 370531*q + 22231843. What is w(-60)?
-17
Let y(v) = v**3 - 1097*v**2 + 171*v + 1013802. Calculate y(1096).
2
Let v(u) = -15560*u - 622367. Determine v(-40).
33
Let x(m) = -45*m**2 - 49*m + 27. Calculate x(1).
-67
Let u(x) = -26228*x + 104911. Determine u(4).
-1
Let p(y) = 52208*y + 1357419. Calculate p(-26).
11
Let l(b) = -b**2 + 9532*b - 285063. Calculate l(30).
-3
Let f(g) = 10*g**2 + 696*g + 6914. Give f(-12).
2
Let t(q) = 4*q**2 - 2602*q + 9058. What is t(647)?
0
Let v(g) = -28*g**2 - 156*g + 1586. What is v(9)?
-2086
Let q(s) = 2*s**3 + 69*s**2 + 559*s + 23. Give q(-10).
-667
Let i(b) = 66*b**2 + 2920*b - 5842. Calculate i(2).
262
Let q(j) = -56*j**3 + 1321*j - 1319. What is q(1)?
-54
Let d(h) = -37*h**2 - 3004*h - 11505. Calculate d(-4).
-81
Let h(i) = -3170*i + 339176. Give h(107).
-14
Let c(g) = -52*g**2 - 24791*g - 92224. What is c(-473)?
11
Let n(m) = 5*m**3 - 996*m**2 + 130*m + 13724. Determine n(199).
-7
Let d(o) = 2*o**2 - 181680*o - 3997921. Calculate d(-22).
7
Let a(x) = 864*x**3 + 9503*x**2 + 187*x + 2179. Calculate a(-11).
1
Let u(j) = 6*j**2 - 751*j - 6273. Calculate u(133).
-22
Let a(l) = -l**3 - 503*l**2 - 1013*l - 5417. What is a(-501)?
94
Let p(j) = 16*j**2 + 4742*j + 45909. Calculate p(-10).
89
Let x(s) = s**3 + 3*s**2 - 51*s - 188. Calculate x(-16).
-2700
Let b(i) = 2*i**3 + 68*i**2 + 510*i + 33. Give b(-17).
1189
Let a(n) = -30*n**2 + 213*n - 135. Give a(6).
63
Let z(y) = -37*y**2 - 7617*y + 384. Calculate z(-206).
-646
Let j(h) = 14*h**2 + 1358*h + 189. What is j(-99)?
2961
Let i(g) = 1107*g**2 + 1162*g + 38. Determine i(-1).
-17
Let o(z) = -z**3 - 78*z**2 - 1245*z + 33. Give o(-57).
2769
Let m(q) = -703*q**2 - 2816*q + 3. Give m(-4).
19
Let o(d) = -818637*d - 2455906. Calculate o(-3).
5
Let a(w) = 5*w**3 + 9*w**2 - 86*w + 208. Calculate a(3).
166
Let x(a) = 1609*a + 720831. Give x(-448).
-1
Let z(n) = -3*n**3 - 27*n**2 - 168*n + 440. Determine z(2).
-28
Let p(x) =